{"id":120,"date":"2026-02-22T18:48:27","date_gmt":"2026-02-22T18:48:27","guid":{"rendered":"https:\/\/chansonnier.fi\/?page_id=120"},"modified":"2026-02-22T18:53:45","modified_gmt":"2026-02-22T18:53:45","slug":"about-me","status":"publish","type":"page","link":"https:\/\/chansonnier.fi\/?page_id=120","title":{"rendered":"About me"},"content":{"rendered":"\n<h2 class=\"wp-block-heading\">Kuka min\u00e4 olen?<\/h2>\n\n\n\n<p>Olen pitk\u00e4n linjan harrastajamuusikko, joka rakastaa erityisesti sanojen kanssa leikittely\u00e4. Olen kirjoittanut lauluja lapsesta asti, ja nyt haluan jakaa osan niist\u00e4 my\u00f6s teid\u00e4n kanssanne. T\u00e4lle sivustolle olen valinnut vain tiettyj\u00e4 musiikkityylej\u00e4, vaikka s\u00e4vell\u00e4n ja sanoitan paljon muutakin.<br>Olen aina avoin erilaisille yhteisty\u00f6projekteille \u2014 jos sinulla on idea tai ehdotus, kuulen siit\u00e4 mielell\u00e4ni. N\u00e4ill\u00e4 sivuilla julkaistuja lauluja saa vapaasti laulaa harrastus- ja opetusk\u00e4yt\u00f6ss\u00e4. Jos taas haluat tehd\u00e4 niist\u00e4 tallenteen, k\u00e4ytt\u00e4\u00e4 niit\u00e4 kaupallisesti tai keskustella mahdollisesta yhteisty\u00f6st\u00e4, <a href=\"mailto: taija.paju@gmail.com\">otathan yhteytt\u00e4 minuun<\/a>.<\/p>\n\n\n\n<h2 class=\"wp-block-heading\">Who am I?<\/h2>\n\n\n\n<p>Who am I? A long-time amateur musician with particular love for playing around with words. I have been writing songs since I was a child, and now I want to share some of them with you. I have chosen only certain musical styles for this site, although I compose and write a lot more. <\/p>\n\n\n\n<p>I am always open to various collaborative projects \u2014 if you have an idea or suggestion, I would be happy to hear about it. The songs published on these pages are free to sing for hobby and educational use. If you would like to make a recording of them, use them commercially, or discuss a possible collaboration, please <a href=\"mailto: taija.paju@gmail.com\">contact me<\/a>.<\/p>\n\n\n\n<p>N\u00e4yte erilaisesta sanoitusty\u00f6st\u00e4: Suolainen tuuli (milonga). S\u00e4vel ja sovitus Esa Yl\u00f6nen, sanat Taija Paju<br>Here is a link to a different kind of project: Suolainen tuuli (milonga). Melody and arrangement Esa Yl\u00f6nen, lyrics Taija Paju<\/p>\n\n\n\n<figure class=\"wp-block-embed is-type-video is-provider-youtube wp-block-embed-youtube wp-embed-aspect-16-9 wp-has-aspect-ratio\"><div class=\"wp-block-embed__wrapper\">\n<iframe loading=\"lazy\" title=\"Suolainen tuuli\" width=\"720\" height=\"405\" src=\"https:\/\/www.youtube.com\/embed\/fnzLnn-ubwY?feature=oembed\" frameborder=\"0\" allow=\"accelerometer; autoplay; clipboard-write; encrypted-media; gyroscope; picture-in-picture; web-share\" referrerpolicy=\"strict-origin-when-cross-origin\" allowfullscreen><\/iframe>\n<\/div><\/figure>\n","protected":false},"excerpt":{"rendered":"<p>Kuka min\u00e4 olen? Olen pitk\u00e4n linjan harrastajamuusikko, joka rakastaa erityisesti sanojen kanssa leikittely\u00e4. Olen kirjoittanut lauluja lapsesta asti, ja nyt haluan jakaa osan niist\u00e4 my\u00f6s teid\u00e4n kanssanne. T\u00e4lle sivustolle olen valinnut vain tiettyj\u00e4 musiikkityylej\u00e4, vaikka s\u00e4vell\u00e4n ja sanoitan paljon muutakin.Olen aina avoin erilaisille yhteisty\u00f6projekteille \u2014 jos sinulla on idea tai ehdotus, kuulen siit\u00e4 mielell\u00e4ni. N\u00e4ill\u00e4&#8230;<\/p>\n","protected":false},"author":1,"featured_media":0,"parent":0,"menu_order":0,"comment_status":"closed","ping_status":"closed","template":"","meta":{"_kad_post_transparent":"","_kad_post_title":"","_kad_post_layout":"","_kad_post_sidebar_id":"","_kad_post_content_style":"","_kad_post_vertical_padding":"","_kad_post_feature":"","_kad_post_feature_position":"","_kad_post_header":false,"_kad_post_footer":false,"_kad_post_classname":"","footnotes":""},"class_list":["post-120","page","type-page","status-publish","hentry"],"yoast_head":"<!-- This site is optimized with the Yoast SEO plugin v27.0 - https:\/\/yoast.com\/product\/yoast-seo-wordpress\/ -->\n<title>About me - Chansonnier de Kaarina<\/title>\n<meta name=\"robots\" content=\"index, follow, max-snippet:-1, max-image-preview:large, max-video-preview:-1\" \/>\n<link rel=\"canonical\" href=\"https:\/\/chansonnier.fi\/?page_id=120\" \/>\n<meta property=\"og:locale\" content=\"fi_FI\" \/>\n<meta property=\"og:type\" content=\"article\" \/>\n<meta property=\"og:title\" content=\"About me - Chansonnier de Kaarina\" \/>\n<meta property=\"og:description\" content=\"Kuka min\u00e4 olen? Olen pitk\u00e4n linjan harrastajamuusikko, joka rakastaa erityisesti sanojen kanssa leikittely\u00e4. Olen kirjoittanut lauluja lapsesta asti, ja nyt haluan jakaa osan niist\u00e4 my\u00f6s teid\u00e4n kanssanne. T\u00e4lle sivustolle olen valinnut vain tiettyj\u00e4 musiikkityylej\u00e4, vaikka s\u00e4vell\u00e4n ja sanoitan paljon muutakin.Olen aina avoin erilaisille yhteisty\u00f6projekteille \u2014 jos sinulla on idea tai ehdotus, kuulen siit\u00e4 mielell\u00e4ni. N\u00e4ill\u00e4...\" \/>\n<meta property=\"og:url\" content=\"https:\/\/chansonnier.fi\/?page_id=120\" \/>\n<meta property=\"og:site_name\" content=\"Chansonnier de Kaarina\" \/>\n<meta property=\"article:modified_time\" content=\"2026-02-22T18:53:45+00:00\" \/>\n<meta name=\"twitter:card\" content=\"summary_large_image\" \/>\n<meta name=\"twitter:label1\" content=\"Arvioitu lukuaika\" \/>\n\t<meta name=\"twitter:data1\" content=\"2 minuuttia\" \/>\n<script type=\"application\/ld+json\" class=\"yoast-schema-graph\">{\"@context\":\"https:\/\/schema.org\",\"@graph\":[{\"@type\":\"WebPage\",\"@id\":\"https:\/\/chansonnier.fi\/?page_id=120\",\"url\":\"https:\/\/chansonnier.fi\/?page_id=120\",\"name\":\"About me - Chansonnier de Kaarina\",\"isPartOf\":{\"@id\":\"https:\/\/chansonnier.fi\/#website\"},\"datePublished\":\"2026-02-22T18:48:27+00:00\",\"dateModified\":\"2026-02-22T18:53:45+00:00\",\"breadcrumb\":{\"@id\":\"https:\/\/chansonnier.fi\/?page_id=120#breadcrumb\"},\"inLanguage\":\"fi\",\"potentialAction\":[{\"@type\":\"ReadAction\",\"target\":[\"https:\/\/chansonnier.fi\/?page_id=120\"]}]},{\"@type\":\"BreadcrumbList\",\"@id\":\"https:\/\/chansonnier.fi\/?page_id=120#breadcrumb\",\"itemListElement\":[{\"@type\":\"ListItem\",\"position\":1,\"name\":\"Etusivu\",\"item\":\"https:\/\/chansonnier.fi\/\"},{\"@type\":\"ListItem\",\"position\":2,\"name\":\"About me\"}]},{\"@type\":\"WebSite\",\"@id\":\"https:\/\/chansonnier.fi\/#website\",\"url\":\"https:\/\/chansonnier.fi\/\",\"name\":\"Chansonnier de Kaarina\",\"description\":\"A collection of my songs - kokoelma laulujani\",\"potentialAction\":[{\"@type\":\"SearchAction\",\"target\":{\"@type\":\"EntryPoint\",\"urlTemplate\":\"https:\/\/chansonnier.fi\/?s={search_term_string}\"},\"query-input\":{\"@type\":\"PropertyValueSpecification\",\"valueRequired\":true,\"valueName\":\"search_term_string\"}}],\"inLanguage\":\"fi\"}]}<\/script>\n<!-- \/ Yoast SEO plugin. -->","yoast_head_json":{"title":"About me - Chansonnier de Kaarina","robots":{"index":"index","follow":"follow","max-snippet":"max-snippet:-1","max-image-preview":"max-image-preview:large","max-video-preview":"max-video-preview:-1"},"canonical":"https:\/\/chansonnier.fi\/?page_id=120","og_locale":"fi_FI","og_type":"article","og_title":"About me - Chansonnier de Kaarina","og_description":"Kuka min\u00e4 olen? Olen pitk\u00e4n linjan harrastajamuusikko, joka rakastaa erityisesti sanojen kanssa leikittely\u00e4. Olen kirjoittanut lauluja lapsesta asti, ja nyt haluan jakaa osan niist\u00e4 my\u00f6s teid\u00e4n kanssanne. T\u00e4lle sivustolle olen valinnut vain tiettyj\u00e4 musiikkityylej\u00e4, vaikka s\u00e4vell\u00e4n ja sanoitan paljon muutakin.Olen aina avoin erilaisille yhteisty\u00f6projekteille \u2014 jos sinulla on idea tai ehdotus, kuulen siit\u00e4 mielell\u00e4ni. N\u00e4ill\u00e4...","og_url":"https:\/\/chansonnier.fi\/?page_id=120","og_site_name":"Chansonnier de Kaarina","article_modified_time":"2026-02-22T18:53:45+00:00","twitter_card":"summary_large_image","twitter_misc":{"Arvioitu lukuaika":"2 minuuttia"},"schema":{"@context":"https:\/\/schema.org","@graph":[{"@type":"WebPage","@id":"https:\/\/chansonnier.fi\/?page_id=120","url":"https:\/\/chansonnier.fi\/?page_id=120","name":"About me - Chansonnier de Kaarina","isPartOf":{"@id":"https:\/\/chansonnier.fi\/#website"},"datePublished":"2026-02-22T18:48:27+00:00","dateModified":"2026-02-22T18:53:45+00:00","breadcrumb":{"@id":"https:\/\/chansonnier.fi\/?page_id=120#breadcrumb"},"inLanguage":"fi","potentialAction":[{"@type":"ReadAction","target":["https:\/\/chansonnier.fi\/?page_id=120"]}]},{"@type":"BreadcrumbList","@id":"https:\/\/chansonnier.fi\/?page_id=120#breadcrumb","itemListElement":[{"@type":"ListItem","position":1,"name":"Etusivu","item":"https:\/\/chansonnier.fi\/"},{"@type":"ListItem","position":2,"name":"About me"}]},{"@type":"WebSite","@id":"https:\/\/chansonnier.fi\/#website","url":"https:\/\/chansonnier.fi\/","name":"Chansonnier de Kaarina","description":"A collection of my songs - kokoelma laulujani","potentialAction":[{"@type":"SearchAction","target":{"@type":"EntryPoint","urlTemplate":"https:\/\/chansonnier.fi\/?s={search_term_string}"},"query-input":{"@type":"PropertyValueSpecification","valueRequired":true,"valueName":"search_term_string"}}],"inLanguage":"fi"}]}},"_links":{"self":[{"href":"https:\/\/chansonnier.fi\/index.php?rest_route=\/wp\/v2\/pages\/120","targetHints":{"allow":["GET"]}}],"collection":[{"href":"https:\/\/chansonnier.fi\/index.php?rest_route=\/wp\/v2\/pages"}],"about":[{"href":"https:\/\/chansonnier.fi\/index.php?rest_route=\/wp\/v2\/types\/page"}],"author":[{"embeddable":true,"href":"https:\/\/chansonnier.fi\/index.php?rest_route=\/wp\/v2\/users\/1"}],"replies":[{"embeddable":true,"href":"https:\/\/chansonnier.fi\/index.php?rest_route=%2Fwp%2Fv2%2Fcomments&post=120"}],"version-history":[{"count":3,"href":"https:\/\/chansonnier.fi\/index.php?rest_route=\/wp\/v2\/pages\/120\/revisions"}],"predecessor-version":[{"id":125,"href":"https:\/\/chansonnier.fi\/index.php?rest_route=\/wp\/v2\/pages\/120\/revisions\/125"}],"wp:attachment":[{"href":"https:\/\/chansonnier.fi\/index.php?rest_route=%2Fwp%2Fv2%2Fmedia&parent=120"}],"curies":[{"name":"wp","href":"https:\/\/api.w.org\/{rel}","templated":true}]}}